{"id":71,"date":"2023-12-08T18:23:12","date_gmt":"2023-12-08T18:23:12","guid":{"rendered":"https:\/\/upconnect.eu\/site\/?page_id=71"},"modified":"2025-04-30T09:15:21","modified_gmt":"2025-04-30T09:15:21","slug":"home","status":"publish","type":"page","link":"https:\/\/upconnect.eu\/site\/","title":{"rendered":"Home"},"content":{"rendered":"\t\t<div data-elementor-type=\"wp-page\" data-elementor-id=\"71\" class=\"elementor elementor-71\" data-elementor-post-type=\"page\">\n\t\t\t\t<div class=\"elementor-element elementor-element-687f20e e-con-full e-flex e-con e-parent\" data-id=\"687f20e\" data-element_type=\"container\" data-settings=\"{&quot;background_background&quot;:&quot;classic&quot;}\">\n\t\t\t\t<div class=\"elementor-element elementor-element-129b0ff elementor--h-position-center elementor--v-position-middle elementor-arrows-position-inside elementor-pagination-position-inside elementor-widget elementor-widget-slides\" data-id=\"129b0ff\" data-element_type=\"widget\" data-settings=\"{&quot;navigation&quot;:&quot;both&quot;,&quot;autoplay&quot;:&quot;yes&quot;,&quot;pause_on_hover&quot;:&quot;yes&quot;,&quot;pause_on_interaction&quot;:&quot;yes&quot;,&quot;autoplay_speed&quot;:5000,&quot;infinite&quot;:&quot;yes&quot;,&quot;transition&quot;:&quot;slide&quot;,&quot;transition_speed&quot;:500}\" data-widget_type=\"slides.default\">\n\t\t\t\t<div class=\"elementor-widget-container\">\n\t\t\t\t\t\t\t<div class=\"elementor-swiper\">\n\t\t\t<div class=\"elementor-slides-wrapper elementor-main-swiper swiper-container\" dir=\"ltr\" data-animation=\"fadeInUp\">\n\t\t\t\t<div class=\"swiper-wrapper elementor-slides\">\n\t\t\t\t\t\t\t\t\t\t<div class=\"elementor-repeater-item-ccf2a1d swiper-slide\"><div class=\"swiper-slide-bg elementor-ken-burns elementor-ken-burns--in\" role=\"img\"><\/div><div class=\"elementor-background-overlay\"><\/div><a class=\"swiper-slide-inner\" href=\"https:\/\/upconnect.eu\/site\/gestao-de-projetos\"><div class=\"swiper-slide-contents\"><div class=\"elementor-slide-heading\">Pronto para levar seus projetos ao pr\u00f3ximo n\u00edvel?<\/div><div class=\"elementor-slide-description\">Entre em contato com a Up Connect e descubra como nosso servi\u00e7o de gest\u00e3o de projetos pode ajudar a otimizar processos, melhorar a efici\u00eancia e impulsionar o sucesso do seu neg\u00f3cio. Vamos juntos transformar suas ideias em realidade!<\/div><div  class=\"elementor-button elementor-slide-button elementor-size-lg\">Saber mais<\/div><\/div><\/a><\/div>\t\t\t\t<\/div>\n\t\t\t\t\t\t\t<\/div>\n\t\t<\/div>\n\t\t\t\t\t\t<\/div>\n\t\t\t\t<\/div>\n\t\t\t\t<\/div>\n\t\t<div class=\"elementor-element elementor-element-5d1c1d07 e-flex e-con-boxed e-con e-parent\" data-id=\"5d1c1d07\" data-element_type=\"container\" data-settings=\"{&quot;background_background&quot;:&quot;classic&quot;}\">\n\t\t\t\t\t<div class=\"e-con-inner\">\n\t\t\t\t<div class=\"elementor-element elementor-element-3c4ef874 elementor-widget elementor-widget-heading\" data-id=\"3c4ef874\" data-element_type=\"widget\" data-widget_type=\"heading.default\">\n\t\t\t\t<div class=\"elementor-widget-container\">\n\t\t\t\t\t<h2 class=\"elementor-heading-title elementor-size-default\">Torne-se nosso Parceiro<\/h2>\t\t\t\t<\/div>\n\t\t\t\t<\/div>\n\t\t\t\t<div class=\"elementor-element elementor-element-205c0c5f elementor-widget elementor-widget-heading\" data-id=\"205c0c5f\" data-element_type=\"widget\" data-widget_type=\"heading.default\">\n\t\t\t\t<div class=\"elementor-widget-container\">\n\t\t\t\t\t<h5 class=\"elementor-heading-title elementor-size-default\">Integrando Tecnologia, Impulsionando Neg\u00f3cios.<\/h5>\t\t\t\t<\/div>\n\t\t\t\t<\/div>\n\t\t<div class=\"elementor-element elementor-element-ac4886c e-con-full e-flex e-con e-child\" data-id=\"ac4886c\" data-element_type=\"container\">\n\t\t\t\t<div class=\"elementor-element elementor-element-4c557dab elementor-view-stacked elementor-shape-square elementor-widget__width-initial elementor-position-top elementor-mobile-position-top elementor-widget elementor-widget-icon-box\" data-id=\"4c557dab\" data-element_type=\"widget\" data-widget_type=\"icon-box.default\">\n\t\t\t\t<div class=\"elementor-widget-container\">\n\t\t\t\t\t\t\t<div class=\"elementor-icon-box-wrapper\">\n\n\t\t\t\t\t\t<div class=\"elementor-icon-box-icon\">\n\t\t\t\t<span  class=\"elementor-icon elementor-animation-shrink\">\n\t\t\t\t<svg aria-hidden=\"true\" class=\"e-font-icon-svg e-fas-cloud-upload-alt\" viewBox=\"0 0 640 512\" xmlns=\"http:\/\/www.w3.org\/2000\/svg\"><path d=\"M537.6 226.6c4.1-10.7 6.4-22.4 6.4-34.6 0-53-43-96-96-96-19.7 0-38.1 6-53.3 16.2C367 64.2 315.3 32 256 32c-88.4 0-160 71.6-160 160 0 2.7.1 5.4.2 8.1C40.2 219.8 0 273.2 0 336c0 79.5 64.5 144 144 144h368c70.7 0 128-57.3 128-128 0-61.9-44-113.6-102.4-125.4zM393.4 288H328v112c0 8.8-7.2 16-16 16h-48c-8.8 0-16-7.2-16-16V288h-65.4c-14.3 0-21.4-17.2-11.3-27.3l105.4-105.4c6.2-6.2 16.4-6.2 22.6 0l105.4 105.4c10.1 10.1 2.9 27.3-11.3 27.3z\"><\/path><\/svg>\t\t\t\t<\/span>\n\t\t\t<\/div>\n\t\t\t\n\t\t\t\t\t\t<div class=\"elementor-icon-box-content\">\n\n\t\t\t\t\t\t\t\t\t<h4 class=\"elementor-icon-box-title\">\n\t\t\t\t\t\t<span  >\n\t\t\t\t\t\t\tSolu\u00e7\u00f5es Personalizadas\t\t\t\t\t\t<\/span>\n\t\t\t\t\t<\/h4>\n\t\t\t\t\n\t\t\t\t\t\t\t\t\t<p class=\"elementor-icon-box-description\">\n\t\t\t\t\t\tCustomiza\u00e7\u00e3o para atender especificamente \u00e0s necessidades do seu neg\u00f3cio.\t\t\t\t\t<\/p>\n\t\t\t\t\n\t\t\t<\/div>\n\t\t\t\n\t\t<\/div>\n\t\t\t\t\t\t<\/div>\n\t\t\t\t<\/div>\n\t\t\t\t<div class=\"elementor-element elementor-element-40a3442 elementor-view-stacked elementor-shape-square elementor-widget__width-initial elementor-position-top elementor-mobile-position-top elementor-widget elementor-widget-icon-box\" data-id=\"40a3442\" data-element_type=\"widget\" data-widget_type=\"icon-box.default\">\n\t\t\t\t<div class=\"elementor-widget-container\">\n\t\t\t\t\t\t\t<div class=\"elementor-icon-box-wrapper\">\n\n\t\t\t\t\t\t<div class=\"elementor-icon-box-icon\">\n\t\t\t\t<span  class=\"elementor-icon elementor-animation-shrink\">\n\t\t\t\t<svg aria-hidden=\"true\" class=\"e-font-icon-svg e-fas-rocket\" viewBox=\"0 0 512 512\" xmlns=\"http:\/\/www.w3.org\/2000\/svg\"><path d=\"M505.12019,19.09375c-1.18945-5.53125-6.65819-11-12.207-12.1875C460.716,0,435.507,0,410.40747,0,307.17523,0,245.26909,55.20312,199.05238,128H94.83772c-16.34763.01562-35.55658,11.875-42.88664,26.48438L2.51562,253.29688A28.4,28.4,0,0,0,0,264a24.00867,24.00867,0,0,0,24.00582,24H127.81618l-22.47457,22.46875c-11.36521,11.36133-12.99607,32.25781,0,45.25L156.24582,406.625c11.15623,11.1875,32.15619,13.15625,45.27726,0l22.47457-22.46875V488a24.00867,24.00867,0,0,0,24.00581,24,28.55934,28.55934,0,0,0,10.707-2.51562l98.72834-49.39063c14.62888-7.29687,26.50776-26.5,26.50776-42.85937V312.79688c72.59753-46.3125,128.03493-108.40626,128.03493-211.09376C512.07526,76.5,512.07526,51.29688,505.12019,19.09375ZM384.04033,168A40,40,0,1,1,424.05,128,40.02322,40.02322,0,0,1,384.04033,168Z\"><\/path><\/svg>\t\t\t\t<\/span>\n\t\t\t<\/div>\n\t\t\t\n\t\t\t\t\t\t<div class=\"elementor-icon-box-content\">\n\n\t\t\t\t\t\t\t\t\t<h4 class=\"elementor-icon-box-title\">\n\t\t\t\t\t\t<span  >\n\t\t\t\t\t\t\tInova\u00e7\u00e3o Tecnol\u00f3gica\t\t\t\t\t\t<\/span>\n\t\t\t\t\t<\/h4>\n\t\t\t\t\n\t\t\t\t\t\t\t\t\t<p class=\"elementor-icon-box-description\">\n\t\t\t\t\t\tAcesso \u00e0s mais recentes tecnologias para manter sua empresa na vanguarda.\t\t\t\t\t<\/p>\n\t\t\t\t\n\t\t\t<\/div>\n\t\t\t\n\t\t<\/div>\n\t\t\t\t\t\t<\/div>\n\t\t\t\t<\/div>\n\t\t\t\t<div class=\"elementor-element elementor-element-19a633fc elementor-view-stacked elementor-shape-square elementor-widget__width-initial elementor-position-top elementor-mobile-position-top elementor-widget elementor-widget-icon-box\" data-id=\"19a633fc\" data-element_type=\"widget\" data-widget_type=\"icon-box.default\">\n\t\t\t\t<div class=\"elementor-widget-container\">\n\t\t\t\t\t\t\t<div class=\"elementor-icon-box-wrapper\">\n\n\t\t\t\t\t\t<div class=\"elementor-icon-box-icon\">\n\t\t\t\t<span  class=\"elementor-icon elementor-animation-shrink\">\n\t\t\t\t<svg aria-hidden=\"true\" class=\"e-font-icon-svg e-fas-brain\" viewBox=\"0 0 576 512\" xmlns=\"http:\/\/www.w3.org\/2000\/svg\"><path d=\"M208 0c-29.9 0-54.7 20.5-61.8 48.2-.8 0-1.4-.2-2.2-.2-35.3 0-64 28.7-64 64 0 4.8.6 9.5 1.7 14C52.5 138 32 166.6 32 200c0 12.6 3.2 24.3 8.3 34.9C16.3 248.7 0 274.3 0 304c0 33.3 20.4 61.9 49.4 73.9-.9 4.6-1.4 9.3-1.4 14.1 0 39.8 32.2 72 72 72 4.1 0 8.1-.5 12-1.2 9.6 28.5 36.2 49.2 68 49.2 39.8 0 72-32.2 72-72V64c0-35.3-28.7-64-64-64zm368 304c0-29.7-16.3-55.3-40.3-69.1 5.2-10.6 8.3-22.3 8.3-34.9 0-33.4-20.5-62-49.7-74 1-4.5 1.7-9.2 1.7-14 0-35.3-28.7-64-64-64-.8 0-1.5.2-2.2.2C422.7 20.5 397.9 0 368 0c-35.3 0-64 28.6-64 64v376c0 39.8 32.2 72 72 72 31.8 0 58.4-20.7 68-49.2 3.9.7 7.9 1.2 12 1.2 39.8 0 72-32.2 72-72 0-4.8-.5-9.5-1.4-14.1 29-12 49.4-40.6 49.4-73.9z\"><\/path><\/svg>\t\t\t\t<\/span>\n\t\t\t<\/div>\n\t\t\t\n\t\t\t\t\t\t<div class=\"elementor-icon-box-content\">\n\n\t\t\t\t\t\t\t\t\t<h4 class=\"elementor-icon-box-title\">\n\t\t\t\t\t\t<span  >\n\t\t\t\t\t\t\tExpertise Profissional\t\t\t\t\t\t<\/span>\n\t\t\t\t\t<\/h4>\n\t\t\t\t\n\t\t\t\t\t\t\t\t\t<p class=\"elementor-icon-box-description\">\n\t\t\t\t\t\tEquipe altamente qualificada comprometida com a excel\u00eancia do seu projeto.\t\t\t\t\t<\/p>\n\t\t\t\t\n\t\t\t<\/div>\n\t\t\t\n\t\t<\/div>\n\t\t\t\t\t\t<\/div>\n\t\t\t\t<\/div>\n\t\t\t\t<div class=\"elementor-element elementor-element-626f1a55 elementor-view-stacked elementor-shape-square elementor-widget__width-initial elementor-position-top elementor-mobile-position-top elementor-widget elementor-widget-icon-box\" data-id=\"626f1a55\" data-element_type=\"widget\" data-widget_type=\"icon-box.default\">\n\t\t\t\t<div class=\"elementor-widget-container\">\n\t\t\t\t\t\t\t<div class=\"elementor-icon-box-wrapper\">\n\n\t\t\t\t\t\t<div class=\"elementor-icon-box-icon\">\n\t\t\t\t<span  class=\"elementor-icon elementor-animation-shrink\">\n\t\t\t\t<svg aria-hidden=\"true\" class=\"e-font-icon-svg e-fas-chart-line\" viewBox=\"0 0 512 512\" xmlns=\"http:\/\/www.w3.org\/2000\/svg\"><path d=\"M496 384H64V80c0-8.84-7.16-16-16-16H16C7.16 64 0 71.16 0 80v336c0 17.67 14.33 32 32 32h464c8.84 0 16-7.16 16-16v-32c0-8.84-7.16-16-16-16zM464 96H345.94c-21.38 0-32.09 25.85-16.97 40.97l32.4 32.4L288 242.75l-73.37-73.37c-12.5-12.5-32.76-12.5-45.25 0l-68.69 68.69c-6.25 6.25-6.25 16.38 0 22.63l22.62 22.62c6.25 6.25 16.38 6.25 22.63 0L192 237.25l73.37 73.37c12.5 12.5 32.76 12.5 45.25 0l96-96 32.4 32.4c15.12 15.12 40.97 4.41 40.97-16.97V112c.01-8.84-7.15-16-15.99-16z\"><\/path><\/svg>\t\t\t\t<\/span>\n\t\t\t<\/div>\n\t\t\t\n\t\t\t\t\t\t<div class=\"elementor-icon-box-content\">\n\n\t\t\t\t\t\t\t\t\t<h4 class=\"elementor-icon-box-title\">\n\t\t\t\t\t\t<span  >\n\t\t\t\t\t\t\tResultados Orientados\t\t\t\t\t\t<\/span>\n\t\t\t\t\t<\/h4>\n\t\t\t\t\n\t\t\t\t\t\t\t\t\t<p class=\"elementor-icon-box-description\">\n\t\t\t\t\t\t Dedica\u00e7\u00e3o a alcan\u00e7ar melhorias significativas em efici\u00eancia e produtividade.\t\t\t\t\t<\/p>\n\t\t\t\t\n\t\t\t<\/div>\n\t\t\t\n\t\t<\/div>\n\t\t\t\t\t\t<\/div>\n\t\t\t\t<\/div>\n\t\t\t\t<\/div>\n\t\t\t\t\t<\/div>\n\t\t\t\t<\/div>\n\t\t<div class=\"elementor-element elementor-element-62d93154 e-flex e-con-boxed e-con e-parent\" data-id=\"62d93154\" data-element_type=\"container\" data-settings=\"{&quot;background_background&quot;:&quot;classic&quot;}\">\n\t\t\t\t\t<div class=\"e-con-inner\">\n\t\t<div class=\"elementor-element elementor-element-6ba2d24a e-con-full e-flex e-con e-child\" data-id=\"6ba2d24a\" data-element_type=\"container\">\n\t\t\t\t<div class=\"elementor-element elementor-element-39a03aab elementor-invisible elementor-widget elementor-widget-image\" data-id=\"39a03aab\" data-element_type=\"widget\" data-settings=\"{&quot;_animation&quot;:&quot;fadeIn&quot;}\" data-widget_type=\"image.default\">\n\t\t\t\t<div class=\"elementor-widget-container\">\n\t\t\t\t\t\t\t\t\t\t\t\t\t\t\t<img fetchpriority=\"high\" decoding=\"async\" width=\"1903\" height=\"945\" src=\"https:\/\/upconnect.eu\/site\/wp-content\/uploads\/2023\/12\/Captura-de-ecra-2023-12-20-100553.png\" class=\"attachment-full size-full wp-image-373\" alt=\"\" srcset=\"https:\/\/upconnect.eu\/site\/wp-content\/uploads\/2023\/12\/Captura-de-ecra-2023-12-20-100553.png 1903w, https:\/\/upconnect.eu\/site\/wp-content\/uploads\/2023\/12\/Captura-de-ecra-2023-12-20-100553-300x149.png 300w, https:\/\/upconnect.eu\/site\/wp-content\/uploads\/2023\/12\/Captura-de-ecra-2023-12-20-100553-1024x509.png 1024w, https:\/\/upconnect.eu\/site\/wp-content\/uploads\/2023\/12\/Captura-de-ecra-2023-12-20-100553-768x381.png 768w, https:\/\/upconnect.eu\/site\/wp-content\/uploads\/2023\/12\/Captura-de-ecra-2023-12-20-100553-1536x763.png 1536w\" sizes=\"(max-width: 1903px) 100vw, 1903px\" \/>\t\t\t\t\t\t\t\t\t\t\t\t\t\t\t<\/div>\n\t\t\t\t<\/div>\n\t\t\t\t<div class=\"elementor-element elementor-element-3f066fac elementor-invisible elementor-widget elementor-widget-image\" data-id=\"3f066fac\" data-element_type=\"widget\" data-settings=\"{&quot;_animation&quot;:&quot;fadeIn&quot;,&quot;_animation_delay&quot;:200}\" data-widget_type=\"image.default\">\n\t\t\t\t<div class=\"elementor-widget-container\">\n\t\t\t\t\t\t\t\t\t\t\t\t\t\t\t<img decoding=\"async\" width=\"1792\" height=\"1024\" src=\"https:\/\/upconnect.eu\/site\/wp-content\/uploads\/2023\/12\/DALL\u00b7E-2023-12-20-12.26.35-A-minimalist-1920x1080-image-using-the-colors-1E7C9E-a-deep-blue-and-ADADAD-a-muted-gray-themed-around-prosperity-and-optimism-with-elements-of.png\" class=\"attachment-full size-full wp-image-410\" alt=\"\" srcset=\"https:\/\/upconnect.eu\/site\/wp-content\/uploads\/2023\/12\/DALL\u00b7E-2023-12-20-12.26.35-A-minimalist-1920x1080-image-using-the-colors-1E7C9E-a-deep-blue-and-ADADAD-a-muted-gray-themed-around-prosperity-and-optimism-with-elements-of.png 1792w, https:\/\/upconnect.eu\/site\/wp-content\/uploads\/2023\/12\/DALL\u00b7E-2023-12-20-12.26.35-A-minimalist-1920x1080-image-using-the-colors-1E7C9E-a-deep-blue-and-ADADAD-a-muted-gray-themed-around-prosperity-and-optimism-with-elements-of-300x171.png 300w, https:\/\/upconnect.eu\/site\/wp-content\/uploads\/2023\/12\/DALL\u00b7E-2023-12-20-12.26.35-A-minimalist-1920x1080-image-using-the-colors-1E7C9E-a-deep-blue-and-ADADAD-a-muted-gray-themed-around-prosperity-and-optimism-with-elements-of-1024x585.png 1024w, https:\/\/upconnect.eu\/site\/wp-content\/uploads\/2023\/12\/DALL\u00b7E-2023-12-20-12.26.35-A-minimalist-1920x1080-image-using-the-colors-1E7C9E-a-deep-blue-and-ADADAD-a-muted-gray-themed-around-prosperity-and-optimism-with-elements-of-768x439.png 768w, https:\/\/upconnect.eu\/site\/wp-content\/uploads\/2023\/12\/DALL\u00b7E-2023-12-20-12.26.35-A-minimalist-1920x1080-image-using-the-colors-1E7C9E-a-deep-blue-and-ADADAD-a-muted-gray-themed-around-prosperity-and-optimism-with-elements-of-1536x878.png 1536w\" sizes=\"(max-width: 1792px) 100vw, 1792px\" \/>\t\t\t\t\t\t\t\t\t\t\t\t\t\t\t<\/div>\n\t\t\t\t<\/div>\n\t\t\t\t<\/div>\n\t\t<div class=\"elementor-element elementor-element-64653cb2 e-con-full e-flex e-con e-child\" data-id=\"64653cb2\" data-element_type=\"container\">\n\t\t\t\t<div class=\"elementor-element elementor-element-4dd68568 elementor-invisible elementor-widget elementor-widget-image\" data-id=\"4dd68568\" data-element_type=\"widget\" data-settings=\"{&quot;_animation&quot;:&quot;fadeIn&quot;,&quot;_animation_delay&quot;:400}\" data-widget_type=\"image.default\">\n\t\t\t\t<div class=\"elementor-widget-container\">\n\t\t\t\t\t\t\t\t\t\t\t\t\t\t\t<img decoding=\"async\" width=\"1920\" height=\"1080\" src=\"https:\/\/upconnect.eu\/site\/wp-content\/uploads\/2023\/12\/4Prancheta-1.png\" class=\"attachment-full size-full wp-image-322\" alt=\"\" srcset=\"https:\/\/upconnect.eu\/site\/wp-content\/uploads\/2023\/12\/4Prancheta-1.png 1920w, https:\/\/upconnect.eu\/site\/wp-content\/uploads\/2023\/12\/4Prancheta-1-300x169.png 300w, https:\/\/upconnect.eu\/site\/wp-content\/uploads\/2023\/12\/4Prancheta-1-1024x576.png 1024w, https:\/\/upconnect.eu\/site\/wp-content\/uploads\/2023\/12\/4Prancheta-1-768x432.png 768w, https:\/\/upconnect.eu\/site\/wp-content\/uploads\/2023\/12\/4Prancheta-1-1536x864.png 1536w\" sizes=\"(max-width: 1920px) 100vw, 1920px\" \/>\t\t\t\t\t\t\t\t\t\t\t\t\t\t\t<\/div>\n\t\t\t\t<\/div>\n\t\t\t\t<div class=\"elementor-element elementor-element-48a43e96 elementor-invisible elementor-widget elementor-widget-image\" data-id=\"48a43e96\" data-element_type=\"widget\" data-settings=\"{&quot;_animation&quot;:&quot;fadeIn&quot;,&quot;_animation_delay&quot;:600}\" data-widget_type=\"image.default\">\n\t\t\t\t<div class=\"elementor-widget-container\">\n\t\t\t\t\t\t\t\t\t\t\t\t\t\t\t<img loading=\"lazy\" decoding=\"async\" width=\"1792\" height=\"1024\" src=\"https:\/\/upconnect.eu\/site\/wp-content\/uploads\/2023\/12\/DALL\u00b7E-2023-12-20-10.12.24-A-1920x1080-image-with-the-theme-Lets-Boost-Your-Business-Together-using-the-colors-1E7C9E-a-deep-blue-and-ADADAD-a-muted-gray.-The-design-s.png\" class=\"attachment-full size-full wp-image-377\" alt=\"\" srcset=\"https:\/\/upconnect.eu\/site\/wp-content\/uploads\/2023\/12\/DALL\u00b7E-2023-12-20-10.12.24-A-1920x1080-image-with-the-theme-Lets-Boost-Your-Business-Together-using-the-colors-1E7C9E-a-deep-blue-and-ADADAD-a-muted-gray.-The-design-s.png 1792w, https:\/\/upconnect.eu\/site\/wp-content\/uploads\/2023\/12\/DALL\u00b7E-2023-12-20-10.12.24-A-1920x1080-image-with-the-theme-Lets-Boost-Your-Business-Together-using-the-colors-1E7C9E-a-deep-blue-and-ADADAD-a-muted-gray.-The-design-s-300x171.png 300w, https:\/\/upconnect.eu\/site\/wp-content\/uploads\/2023\/12\/DALL\u00b7E-2023-12-20-10.12.24-A-1920x1080-image-with-the-theme-Lets-Boost-Your-Business-Together-using-the-colors-1E7C9E-a-deep-blue-and-ADADAD-a-muted-gray.-The-design-s-1024x585.png 1024w, https:\/\/upconnect.eu\/site\/wp-content\/uploads\/2023\/12\/DALL\u00b7E-2023-12-20-10.12.24-A-1920x1080-image-with-the-theme-Lets-Boost-Your-Business-Together-using-the-colors-1E7C9E-a-deep-blue-and-ADADAD-a-muted-gray.-The-design-s-768x439.png 768w, https:\/\/upconnect.eu\/site\/wp-content\/uploads\/2023\/12\/DALL\u00b7E-2023-12-20-10.12.24-A-1920x1080-image-with-the-theme-Lets-Boost-Your-Business-Together-using-the-colors-1E7C9E-a-deep-blue-and-ADADAD-a-muted-gray.-The-design-s-1536x878.png 1536w\" sizes=\"(max-width: 1792px) 100vw, 1792px\" \/>\t\t\t\t\t\t\t\t\t\t\t\t\t\t\t<\/div>\n\t\t\t\t<\/div>\n\t\t\t\t<\/div>\n\t\t<div class=\"elementor-element elementor-element-1d7ca2c e-con-full e-flex e-con e-child\" data-id=\"1d7ca2c\" data-element_type=\"container\">\n\t\t\t\t<div class=\"elementor-element elementor-element-5506f371 elementor-cta--layout-image-right elementor-cta--valign-middle elementor-cta--mobile-layout-image-above elementor-cta--skin-classic elementor-animated-content elementor-widget elementor-widget-call-to-action\" data-id=\"5506f371\" data-element_type=\"widget\" data-widget_type=\"call-to-action.default\">\n\t\t\t\t<div class=\"elementor-widget-container\">\n\t\t\t\t\t\t\t<div class=\"elementor-cta\">\n\t\t\t\t\t\t\t<div class=\"elementor-cta__content\">\n\t\t\t\t\n\t\t\t\t\t\t\t\t\t<h2 class=\"elementor-cta__title elementor-cta__content-item elementor-content-item\">\n\t\t\t\t\t\tVamos Impulsionar Seu Neg\u00f3cio Juntos\t\t\t\t\t<\/h2>\n\t\t\t\t\n\t\t\t\t\t\t\t\t\t<div class=\"elementor-cta__description elementor-cta__content-item elementor-content-item\">\n\t\t\t\t\t\tNa Up Connect, sabemos que cada projeto \u00e9 uma jornada \u00fanica. Se voc\u00ea est\u00e1 buscando solu\u00e7\u00f5es inovadoras , estamos aqui para transformar suas ideias em realidade.\t\t\t\t\t<\/div>\n\t\t\t\t\n\t\t\t\t\t\t\t\t\t<div class=\"elementor-cta__button-wrapper elementor-cta__content-item elementor-content-item \">\n\t\t\t\t\t<a class=\"elementor-cta__button elementor-button elementor-size-md\" href=\"#elementor-action%3Aaction%3Dpopup%3Aopen%26settings%3DeyJpZCI6IjQ2MiIsInRvZ2dsZSI6ZmFsc2V9\">\n\t\t\t\t\t\tSolicitar Or\u00e7amento\t\t\t\t\t<\/a>\n\t\t\t\t\t<\/div>\n\t\t\t\t\t\t\t<\/div>\n\t\t\t\t\t\t<\/div>\n\t\t\t\t\t\t<\/div>\n\t\t\t\t<\/div>\n\t\t\t\t<\/div>\n\t\t\t\t\t<\/div>\n\t\t\t\t<\/div>\n\t\t\t\t<\/div>\n\t\t","protected":false},"excerpt":{"rendered":"<p>Pronto para levar seus projetos ao pr\u00f3ximo n\u00edvel?Entre em contato com a Up Connect e descubra como nosso servi\u00e7o de gest\u00e3o de projetos pode ajudar a otimizar processos, melhorar a efici\u00eancia e impulsionar o sucesso do seu neg\u00f3cio. Vamos juntos transformar suas ideias em realidade!Saber mais Torne-se nosso Parceiro Integrando Tecnologia, Impulsionando Neg\u00f3cios. Solu\u00e7\u00f5es Personalizadas [&hellip;]<\/p>\n","protected":false},"author":1,"featured_media":0,"parent":0,"menu_order":0,"comment_status":"closed","ping_status":"closed","template":"elementor_header_footer","meta":{"footnotes":""},"class_list":["post-71","page","type-page","status-publish","hentry"],"_links":{"self":[{"href":"https:\/\/upconnect.eu\/site\/wp-json\/wp\/v2\/pages\/71","targetHints":{"allow":["GET"]}}],"collection":[{"href":"https:\/\/upconnect.eu\/site\/wp-json\/wp\/v2\/pages"}],"about":[{"href":"https:\/\/upconnect.eu\/site\/wp-json\/wp\/v2\/types\/page"}],"author":[{"embeddable":true,"href":"https:\/\/upconnect.eu\/site\/wp-json\/wp\/v2\/users\/1"}],"replies":[{"embeddable":true,"href":"https:\/\/upconnect.eu\/site\/wp-json\/wp\/v2\/comments?post=71"}],"version-history":[{"count":176,"href":"https:\/\/upconnect.eu\/site\/wp-json\/wp\/v2\/pages\/71\/revisions"}],"predecessor-version":[{"id":821,"href":"https:\/\/upconnect.eu\/site\/wp-json\/wp\/v2\/pages\/71\/revisions\/821"}],"wp:attachment":[{"href":"https:\/\/upconnect.eu\/site\/wp-json\/wp\/v2\/media?parent=71"}],"curies":[{"name":"wp","href":"https:\/\/api.w.org\/{rel}","templated":true}]}}